{"id":14,"date":"2017-10-05T13:08:19","date_gmt":"2017-10-05T11:08:19","guid":{"rendered":"http:\/\/zakladangiologii.umed.pl\/?page_id=14"},"modified":"2023-05-19T13:43:57","modified_gmt":"2023-05-19T11:43:57","slug":"sklad-osobowy-zakladu","status":"publish","type":"page","link":"https:\/\/zakladangiologii.umed.pl\/index.php\/sklad-osobowy-zakladu\/","title":{"rendered":"Sk\u0142ad osobowy zak\u0142adu"},"content":{"rendered":"\n<p><style type=\"text\/css\"><\/style><strong>Prof. dr hab. n.med. Miros\u0142aw Topol<\/strong><br>Kierownik Zak\u0142adu Angiologii<br>miroslaw.topol@umed.lodz.pl<\/p>\n\n\n\n<p><strong>Dr n. przyrod. Ewa Nachman<\/strong> &#8211; starszy wyk\u0142adowca<br>ewa.nachman@umed.lodz.pl<\/p>\n\n\n\n<p><strong>Dr n. med. Anna Przygocka<\/strong> &#8211; starszy wyk\u0142adowca<br>anna.przygocka@umed.lodz.pl<\/p>\n\n\n\n<p><strong>lek. Przemys\u0142aw Kici\u0144ski<\/strong><\/p>\n\n\n\n<p><strong>lek. stom. Marek \u0141apok<\/strong><br><br><strong>lek. med. Adam Biernat<\/strong><\/p>\n","protected":false},"excerpt":{"rendered":"<p>Prof. dr hab. n.med. Miros\u0142aw TopolKierownik Zak\u0142adu Angiologiimiroslaw.topol@umed.lodz.pl Dr n. przyrod. Ewa Nachman &#8211; starszy wyk\u0142adowcaewa.nachman@umed.lodz.pl Dr n. med. Anna [&hellip;]<\/p>\n","protected":false},"author":2,"featured_media":0,"parent":0,"menu_order":0,"comment_status":"closed","ping_status":"closed","template":"","meta":{"footnotes":""},"class_list":["post-14","page","type-page","status-publish","hentry"],"_links":{"self":[{"href":"https:\/\/zakladangiologii.umed.pl\/index.php\/wp-json\/wp\/v2\/pages\/14","targetHints":{"allow":["GET"]}}],"collection":[{"href":"https:\/\/zakladangiologii.umed.pl\/index.php\/wp-json\/wp\/v2\/pages"}],"about":[{"href":"https:\/\/zakladangiologii.umed.pl\/index.php\/wp-json\/wp\/v2\/types\/page"}],"author":[{"embeddable":true,"href":"https:\/\/zakladangiologii.umed.pl\/index.php\/wp-json\/wp\/v2\/users\/2"}],"replies":[{"embeddable":true,"href":"https:\/\/zakladangiologii.umed.pl\/index.php\/wp-json\/wp\/v2\/comments?post=14"}],"version-history":[{"count":12,"href":"https:\/\/zakladangiologii.umed.pl\/index.php\/wp-json\/wp\/v2\/pages\/14\/revisions"}],"predecessor-version":[{"id":275,"href":"https:\/\/zakladangiologii.umed.pl\/index.php\/wp-json\/wp\/v2\/pages\/14\/revisions\/275"}],"wp:attachment":[{"href":"https:\/\/zakladangiologii.umed.pl\/index.php\/wp-json\/wp\/v2\/media?parent=14"}],"curies":[{"name":"wp","href":"https:\/\/api.w.org\/{rel}","templated":true}]}}